{"id":89,"date":"2012-02-19T16:17:49","date_gmt":"2012-02-19T16:17:49","guid":{"rendered":"http:\/\/www.cameraortopedico.it\/?page_id=89"},"modified":"2012-02-23T14:22:20","modified_gmt":"2012-02-23T14:22:20","slug":"iconografia","status":"publish","type":"page","link":"https:\/\/www.cameraortopedico.it\/?page_id=89","title":{"rendered":"Iconografia"},"content":{"rendered":"<p style=\"text-align: center;\">il Dott. Andrea Camera \u00e8 disegnatore e inventore di una protesi all&#8217;anca, denominata &#8216;JUST&#8217;, particolarmente innovativa per le sue caratteristiche di mininvasivit\u00e0 (\u00e8 lunga appena sei centimetri), che comporta un pressoch\u00e9 totale preservazione di osso femorale.<\/p>\n<p style=\"text-align: center;\"><a href=\"https:\/\/www.cameraortopedico.it\/wp-content\/uploads\/2012\/02\/Camera_just.jpg\"><img loading=\"lazy\" decoding=\"async\" title=\"Camera_just\" src=\"https:\/\/www.cameraortopedico.it\/wp-content\/uploads\/2012\/02\/Camera_just.jpg\" alt=\"\" width=\"350\" height=\"228\" \/><\/a><\/p>\n<p style=\"text-align: center;\">Esempio di impianto con stelo &#8216;Just&#8217;<\/p>\n<p><a href=\"https:\/\/www.cameraortopedico.it\/wp-content\/uploads\/2012\/02\/Pesce-A.-2010-06-14.jpg\"><img loading=\"lazy\" decoding=\"async\" title=\"Pesce A. 2010-06-14\" src=\"https:\/\/www.cameraortopedico.it\/wp-content\/uploads\/2012\/02\/Pesce-A.-2010-06-14-1024x718.jpg\" alt=\"\" width=\"584\" height=\"409\" \/><\/a><\/p>\n<p style=\"text-align: center;\">Iconografia di stelo &#8216;JUST&#8217;<\/p>\n<p><a href=\"https:\/\/www.cameraortopedico.it\/wp-content\/uploads\/2012\/02\/just_05.jpg\"><img loading=\"lazy\" decoding=\"async\" class=\"size-large wp-image-111 alignnone\" title=\"just_05\" src=\"https:\/\/www.cameraortopedico.it\/wp-content\/uploads\/2012\/02\/just_05-1024x407.jpg\" alt=\"\" width=\"584\" height=\"232\" srcset=\"https:\/\/www.cameraortopedico.it\/wp-content\/uploads\/2012\/02\/just_05-1024x407.jpg 1024w, https:\/\/www.cameraortopedico.it\/wp-content\/uploads\/2012\/02\/just_05-300x119.jpg 300w, https:\/\/www.cameraortopedico.it\/wp-content\/uploads\/2012\/02\/just_05-500x199.jpg 500w\" sizes=\"auto, (max-width: 584px) 100vw, 584px\" \/><\/a><\/p>\n<p><a href=\"https:\/\/www.cameraortopedico.it\/wp-content\/uploads\/2012\/02\/Pesce-A.-2010-06-14.jpg\"><br \/>\n<\/a><\/p>\n<p><a href=\"https:\/\/www.cameraortopedico.it\/wp-content\/uploads\/2012\/02\/just_04.jpg\"><img loading=\"lazy\" decoding=\"async\" class=\"aligncenter size-full wp-image-110\" title=\"just_04\" src=\"https:\/\/www.cameraortopedico.it\/wp-content\/uploads\/2012\/02\/just_04.jpg\" alt=\"\" width=\"768\" height=\"864\" srcset=\"https:\/\/www.cameraortopedico.it\/wp-content\/uploads\/2012\/02\/just_04.jpg 768w, https:\/\/www.cameraortopedico.it\/wp-content\/uploads\/2012\/02\/just_04-266x300.jpg 266w\" sizes=\"auto, (max-width: 768px) 100vw, 768px\" \/><\/a><a href=\"https:\/\/www.cameraortopedico.it\/wp-content\/uploads\/2012\/02\/just_03.jpg\"><img loading=\"lazy\" decoding=\"async\" class=\"aligncenter size-large wp-image-109\" title=\"just_03\" src=\"https:\/\/www.cameraortopedico.it\/wp-content\/uploads\/2012\/02\/just_03-759x1024.jpg\" alt=\"\" width=\"584\" height=\"787\" srcset=\"https:\/\/www.cameraortopedico.it\/wp-content\/uploads\/2012\/02\/just_03-759x1024.jpg 759w, https:\/\/www.cameraortopedico.it\/wp-content\/uploads\/2012\/02\/just_03-222x300.jpg 222w, https:\/\/www.cameraortopedico.it\/wp-content\/uploads\/2012\/02\/just_03.jpg 1413w\" sizes=\"auto, (max-width: 584px) 100vw, 584px\" \/><\/a><a href=\"https:\/\/www.cameraortopedico.it\/wp-content\/uploads\/2012\/02\/just_02.jpg\"><img loading=\"lazy\" decoding=\"async\" class=\"aligncenter size-large wp-image-108\" title=\"just_02\" src=\"https:\/\/www.cameraortopedico.it\/wp-content\/uploads\/2012\/02\/just_02-444x1024.jpg\" alt=\"\" width=\"444\" height=\"1024\" srcset=\"https:\/\/www.cameraortopedico.it\/wp-content\/uploads\/2012\/02\/just_02-444x1024.jpg 444w, https:\/\/www.cameraortopedico.it\/wp-content\/uploads\/2012\/02\/just_02-130x300.jpg 130w, https:\/\/www.cameraortopedico.it\/wp-content\/uploads\/2012\/02\/just_02.jpg 1081w\" sizes=\"auto, (max-width: 444px) 100vw, 444px\" \/><\/a><a href=\"https:\/\/www.cameraortopedico.it\/wp-content\/uploads\/2012\/02\/just_01.jpg\"><img loading=\"lazy\" decoding=\"async\" class=\"aligncenter size-large wp-image-107\" title=\"just_01\" src=\"https:\/\/www.cameraortopedico.it\/wp-content\/uploads\/2012\/02\/just_01-719x1024.jpg\" alt=\"\" width=\"584\" height=\"831\" srcset=\"https:\/\/www.cameraortopedico.it\/wp-content\/uploads\/2012\/02\/just_01-719x1024.jpg 719w, https:\/\/www.cameraortopedico.it\/wp-content\/uploads\/2012\/02\/just_01-210x300.jpg 210w, https:\/\/www.cameraortopedico.it\/wp-content\/uploads\/2012\/02\/just_01.jpg 1251w\" sizes=\"auto, (max-width: 584px) 100vw, 584px\" \/><\/a><a href=\"https:\/\/www.cameraortopedico.it\/wp-content\/uploads\/2012\/02\/just-010.jpg\"><br \/>\n<\/a><a href=\"https:\/\/www.cameraortopedico.it\/wp-content\/uploads\/2012\/02\/just-008.jpg\"><br \/>\n<\/a><a href=\"https:\/\/www.cameraortopedico.it\/wp-content\/uploads\/2012\/02\/just-006.jpg\"><br \/>\n<\/a><a href=\"https:\/\/www.cameraortopedico.it\/wp-content\/uploads\/2012\/02\/just-5.jpg\"><img loading=\"lazy\" decoding=\"async\" class=\"aligncenter size-large wp-image-95\" title=\"just 5\" src=\"https:\/\/www.cameraortopedico.it\/wp-content\/uploads\/2012\/02\/just-5-1024x768.jpg\" alt=\"\" width=\"584\" height=\"438\" srcset=\"https:\/\/www.cameraortopedico.it\/wp-content\/uploads\/2012\/02\/just-5-1024x768.jpg 1024w, https:\/\/www.cameraortopedico.it\/wp-content\/uploads\/2012\/02\/just-5-300x225.jpg 300w, https:\/\/www.cameraortopedico.it\/wp-content\/uploads\/2012\/02\/just-5-400x300.jpg 400w\" sizes=\"auto, (max-width: 584px) 100vw, 584px\" \/><\/a><a href=\"https:\/\/www.cameraortopedico.it\/wp-content\/uploads\/2012\/02\/Camera_just.jpg\"><br \/>\n<\/a><\/p>\n","protected":false},"excerpt":{"rendered":"<p>il Dott. Andrea Camera \u00e8 disegnatore e inventore di una protesi all&#8217;anca, denominata &#8216;JUST&#8217;, particolarmente innovativa per le sue caratteristiche di mininvasivit\u00e0 (\u00e8 lunga appena sei centimetri), che comporta un pressoch\u00e9 totale preservazione di osso femorale. Esempio di impianto con &hellip; <a href=\"https:\/\/www.cameraortopedico.it\/?page_id=89\">Continua a leggere<span class=\"meta-nav\">&rarr;<\/span><\/a><\/p>\n","protected":false},"author":2,"featured_media":0,"parent":0,"menu_order":0,"comment_status":"closed","ping_status":"closed","template":"","meta":{"footnotes":""},"class_list":["post-89","page","type-page","status-publish","hentry"],"_links":{"self":[{"href":"https:\/\/www.cameraortopedico.it\/index.php?rest_route=\/wp\/v2\/pages\/89","targetHints":{"allow":["GET"]}}],"collection":[{"href":"https:\/\/www.cameraortopedico.it\/index.php?rest_route=\/wp\/v2\/pages"}],"about":[{"href":"https:\/\/www.cameraortopedico.it\/index.php?rest_route=\/wp\/v2\/types\/page"}],"author":[{"embeddable":true,"href":"https:\/\/www.cameraortopedico.it\/index.php?rest_route=\/wp\/v2\/users\/2"}],"replies":[{"embeddable":true,"href":"https:\/\/www.cameraortopedico.it\/index.php?rest_route=%2Fwp%2Fv2%2Fcomments&post=89"}],"version-history":[{"count":9,"href":"https:\/\/www.cameraortopedico.it\/index.php?rest_route=\/wp\/v2\/pages\/89\/revisions"}],"predecessor-version":[{"id":115,"href":"https:\/\/www.cameraortopedico.it\/index.php?rest_route=\/wp\/v2\/pages\/89\/revisions\/115"}],"wp:attachment":[{"href":"https:\/\/www.cameraortopedico.it\/index.php?rest_route=%2Fwp%2Fv2%2Fmedia&parent=89"}],"curies":[{"name":"wp","href":"https:\/\/api.w.org\/{rel}","templated":true}]}}